{"id":733,"date":"2018-09-18T06:42:00","date_gmt":"2018-09-18T06:42:00","guid":{"rendered":"http:\/\/www.angorasurucukursu.com\/?page_id=733"},"modified":"2018-09-18T06:42:00","modified_gmt":"2018-09-18T06:42:00","slug":"guvenli-surus-teknikleri","status":"publish","type":"page","link":"https:\/\/angorasurucukursu.com\/?page_id=733","title":{"rendered":"G\u00fcvenli S\u00fcr\u00fc\u015f Teknikleri"},"content":{"rendered":"<h5 class=\"post-item-title\">G\u00fcvenli S\u00fcr\u00fc\u015f Teknikleri Nelerdir?<\/h5>\n<p>Bir ehliyetiniz var ve art\u0131k trafi\u011fe \u00e7\u0131kmak i\u00e7in haz\u0131rs\u0131n\u0131z. Ancak ara\u00e7 s\u00fcrmeden \u00f6nce, trafi\u011fe \u00e7\u0131kman\u0131n arac\u0131n\u0131zdaki sevdikleriniz ve \u00e7evrenizdeki di\u011fer s\u00fcr\u00fcc\u00fcler a\u00e7\u0131s\u0131ndan ciddi bir sorumluluk oldu\u011funu kavram\u0131\u015f olmal\u0131s\u0131n\u0131z. Trafik kazalar\u0131ndaki maddi ve bedeni kay\u0131plar\u0131n \u00f6n\u00fcne ge\u00e7ilmesi i\u00e7in trafik kurallar\u0131 konusunda bilin\u00e7li olunmas\u0131 gerekiyor.<\/p>\n<p>Sorumluluk bilinciyle \u00e7\u0131kt\u0131\u011f\u0131n\u0131z yolda g\u00fcvenli bir s\u00fcr\u00fc\u015f deneyimi i\u00e7in a\u015fa\u011f\u0131daki teknikleri kavramal\u0131, trafik kurallar\u0131na uymal\u0131 ve kendinize g\u00fcvenmelisiniz. Trafikte g\u00fcvenli s\u00fcr\u00fc\u015f teknikleri, sizi ve sevdiklerinizi trafik kazalar\u0131ndan korur. Bu ama\u00e7la temelde bilmeniz gereken 6 g\u00fcvenli s\u00fcr\u00fc\u015f tekni\u011fini uygulamal\u0131s\u0131n\u0131z:<\/p>\n<h5><strong>1. Ara\u00e7 bak\u0131m\u0131<\/strong><\/h5>\n<p>Arac\u0131n\u0131z\u0131n yaz ve k\u0131\u015f bak\u0131m\u0131n\u0131 ihmal etmemelisiniz. Bak\u0131ml\u0131 bir ara\u00e7la yolda kalma ve kaza yapma riskinizi en aza indirgemi\u015f olursunuz. \u00d6zellikle uzun yol \u00f6ncesi arac\u0131n\u0131z\u0131n periyodik bak\u0131m\u0131n\u0131 yapt\u0131rmay\u0131 ihmal etmeyin. Arac\u0131n\u0131z\u0131n temizli\u011fi de en az ara\u00e7 bak\u0131m\u0131 kadar \u00f6nemlidir. Camlar\u0131n, aynalar\u0131n ve farlar\u0131n g\u00f6r\u00fc\u015f alan\u0131n\u0131z\u0131 engelleyecek \u015fekilde kirli olmamas\u0131na \u00f6zen g\u00f6sterin. Temiz bir ara\u00e7 trafikte fark edilmeniz a\u00e7\u0131s\u0131ndan \u00f6nemlidir.<\/p>\n<h5><strong>2. Emniyet kemeri<\/strong><\/h5>\n<p>S\u00fcr\u00fcc\u00fc koltu\u011funa oturma zaman\u0131n\u0131z geldiyse ilk i\u015finiz emniyet kemeri takmak ve arac\u0131n\u0131zdaki yolculara da emniyet kemeri takmalar\u0131n\u0131 s\u00f6ylemek olmal\u0131d\u0131r. Emniyet kemeri, kaza an\u0131nda ve ani manevralarda bedeni zararlar\u0131 engelleyen en \u00f6nemli aksesuard\u0131r. Gidece\u011finiz mesafe k\u0131sa olsa da emniyet kemeri mutlaka tak\u0131lmal\u0131d\u0131r.<\/p>\n<h5><strong>3. Mesafe ve h\u0131z koruma<\/strong><\/h5>\n<p>S\u00fcr\u00fc\u015f s\u0131ras\u0131nda \u00f6n\u00fcn\u00fczdeki ara\u00e7la aran\u0131zdaki takip mesafesini koruman\u0131z ve \u015fehir i\u00e7i yolarda h\u0131z limitine uyman\u0131z ani frenlerde kaza yapma riskini azalt\u0131r. Ak\u0131c\u0131 bir trafikte takip mesafesini koruman\u0131z ani frenlerde meydana gelebilecek trafik kazalar\u0131n\u0131 \u00f6nler. Okul b\u00f6lgesi, \u015fehrin kalabal\u0131k noktalar\u0131 gibi trafi\u011fin aniden yaya ile kar\u015f\u0131la\u015faca\u011f\u0131 noktalarda h\u0131z\u0131n\u0131z\u0131 d\u00fc\u015f\u00fcrmeli ve dikkatinizi her an oldu\u011fu gibi sadece yola vermelisiniz.<\/p>\n<h5><strong>4. Sadece yol ile ilgilenin<\/strong><\/h5>\n<p>S\u00fcr\u00fc\u015f s\u0131ras\u0131nda yemek yemek ya da bir \u015feyler i\u00e7mek, uzun sohbetlere dalmak, yolcularla tart\u0131\u015fmak, di\u011fer ara\u00e7lar\u0131 incelemek, sigara i\u00e7mek, \u00e7antan\u0131zda bir \u015feyler aramak, y\u00fcksek sesle m\u00fczik dinlemek, telefonla konu\u015fmak dikkatinizi da\u011f\u0131tabilecek unsurlard\u0131r. Direksiyona ge\u00e7ti\u011finiz andan itibaren t\u00fcm dikkatiniz yolda ve aynalarda olmal\u0131. Bu noktada di\u011fer s\u00fcr\u00fcc\u00fclerden gelen tepkileri de umursamamal\u0131, s\u00fcr\u00fc\u015f\u00fcn\u00fcz\u00fc tehlikeye sokacak davran\u0131\u015flardan uzak durmal\u0131s\u0131n\u0131z.<\/p>\n<h5><strong>5. Yorulduysan\u0131z dinlenin<\/strong><\/h5>\n<p>Uzun bir yolculu\u011fa \u00e7\u0131kacaksan\u0131z, en fazla 3 saatte bir mola vermelisiniz. Bundan daha uzun s\u00fcre ara\u00e7 kullanman\u0131z dikkatinizin da\u011f\u0131lmas\u0131na ve hata yapman\u0131za neden olur. Molalar\u0131n\u0131z\u0131 hem kendiniz hem de arac\u0131n\u0131z i\u00e7in verdi\u011finizi unutmay\u0131n. \u00d6zellikle s\u0131cak havalarda kesintisiz s\u00fcr\u00fc\u015f, lastiklerde bas\u0131nc\u0131n artmas\u0131na ve lastiklerin a\u015f\u0131nmas\u0131na neden olur. Bu nedenle 3 saatte bir verilen mola lastik bas\u0131nc\u0131 kontrol\u00fc i\u00e7in de bir f\u0131rsat.<\/p>\n<h5>\n<strong>6. Trafik sigortas\u0131 ve kasko<\/strong><\/h5>\n<p>Yolculuk \u00f6ncesi trafik sigortas\u0131 ve kasko poli\u00e7elerinizi incelemeyi ihmal etmeyin. Trafik sigortas\u0131, yap\u0131lmas\u0131 zorunlu olan bir sigortad\u0131r ve sizi kusurlu oldu\u011funuz trafik kazalar\u0131nda kar\u015f\u0131 tarafa olan maddi y\u00fck\u00fcml\u00fcl\u00fckten kurtar\u0131r. Kasko ise trafik kazas\u0131 sonucunda ya da arac\u0131n\u0131z\u0131n yanmas\u0131, \u00e7al\u0131nmas\u0131 ve \u00e7al\u0131nmaya te\u015febb\u00fcs edilmesi durumlar\u0131nda arac\u0131n\u0131zda olu\u015fabilecek zararlar\u0131 g\u00fcvence alt\u0131na al\u0131r. Bu nedenle; her iki poli\u00e7enizin de yenileme d\u00f6nemi geldiyse, poli\u00e7elerinizi yenilemeden trafi\u011fe \u00e7\u0131kmaman\u0131zda yarar var.<\/p>\n","protected":false},"excerpt":{"rendered":"<p>G\u00fcvenli S\u00fcr\u00fc\u015f Teknikleri Nelerdir? Bir ehliyetiniz var ve art\u0131k trafi\u011fe \u00e7\u0131kmak i\u00e7in haz\u0131rs\u0131n\u0131z. Ancak ara\u00e7 s\u00fcrmeden \u00f6nce, trafi\u011fe \u00e7\u0131kman\u0131n arac\u0131n\u0131zdaki [&hellip;]<\/p>\n","protected":false},"author":1,"featured_media":0,"parent":0,"menu_order":0,"comment_status":"closed","ping_status":"closed","template":"","meta":{"footnotes":""},"class_list":["post-733","page","type-page","status-publish","hentry"],"_links":{"self":[{"href":"https:\/\/angorasurucukursu.com\/index.php?rest_route=\/wp\/v2\/pages\/733","targetHints":{"allow":["GET"]}}],"collection":[{"href":"https:\/\/angorasurucukursu.com\/index.php?rest_route=\/wp\/v2\/pages"}],"about":[{"href":"https:\/\/angorasurucukursu.com\/index.php?rest_route=\/wp\/v2\/types\/page"}],"author":[{"embeddable":true,"href":"https:\/\/angorasurucukursu.com\/index.php?rest_route=\/wp\/v2\/users\/1"}],"replies":[{"embeddable":true,"href":"https:\/\/angorasurucukursu.com\/index.php?rest_route=%2Fwp%2Fv2%2Fcomments&post=733"}],"version-history":[{"count":1,"href":"https:\/\/angorasurucukursu.com\/index.php?rest_route=\/wp\/v2\/pages\/733\/revisions"}],"predecessor-version":[{"id":734,"href":"https:\/\/angorasurucukursu.com\/index.php?rest_route=\/wp\/v2\/pages\/733\/revisions\/734"}],"wp:attachment":[{"href":"https:\/\/angorasurucukursu.com\/index.php?rest_route=%2Fwp%2Fv2%2Fmedia&parent=733"}],"curies":[{"name":"wp","href":"https:\/\/api.w.org\/{rel}","templated":true}]}}