{"id":676,"date":"2018-09-17T12:33:49","date_gmt":"2018-09-17T12:33:49","guid":{"rendered":"http:\/\/www.angorasurucukursu.com\/?page_id=676"},"modified":"2021-03-06T20:19:07","modified_gmt":"2021-03-06T20:19:07","slug":"trafik-ve-cevre","status":"publish","type":"page","link":"https:\/\/angorasurucukursu.com\/?page_id=676","title":{"rendered":"Trafik ve \u00c7evre"},"content":{"rendered":"<h5>Trafik Kazalar\u0131n\u0131n Genel Durumu, Kaza Fakt\u00f6rleri, Kusur Paylar\u0131 ve Davran\u0131\u015flar<\/h5>\n<p>\u00dclkemizin en \u00f6nemli sorunlar\u0131n\u0131n ba\u015f\u0131nda trafik kazalar\u0131 ve bu kazalardaki \u00f6l\u00fcm ve yaralanmalar gelmektedir. Bu durum geli\u015fmi\u015f \u00fclkelerle mukayese etti\u011fimizde korkun\u00e7 bir fark ortaya \u00e7\u0131kmaktad\u0131r. Bu fark\u0131n a\u00e7\u0131lmas\u0131na en b\u00fcy\u00fck etken s\u00fcr\u00fcc\u00fclerimizin &#8220;do\u011fru davran\u0131\u015f bi\u00e7imlerini&#8221; geli\u015ftirememi\u015f olmalar\u0131d\u0131r. \u00c7\u00fcnk\u00fc s\u00fcr\u00fcc\u00fclerin trafik kazalar\u0131ndaki pay oran\u0131 %95 gibi korkun\u00e7 bir istatisti\u011fe sahip olmas\u0131 trafik bir k\u00fclt\u00fcrd\u00fcr olgusunu do\u011frulamaktad\u0131r. Bununla birlikte kazalarda art\u0131\u015f olmas\u0131na ra\u011fmen \u00f6l\u00fc say\u0131s\u0131nda ayn\u0131 art\u0131\u015f\u0131n olmamas\u0131 sevindirici bir durumdur. Bu durum otomotiv sanayinin \u00f6nce can g\u00fcvenli\u011fi ilkesinden kaynakland\u0131\u011f\u0131 unutulmamal\u0131d\u0131r. Otomotiv sekt\u00f6r\u00fcnde standart paket diye tabir edilen hava yast\u0131\u011f\u0131, antiblokaj sistemi gibi teknik donan\u0131mlar\u0131n\u0131n mecburi tutulmas\u0131 kazalardaki \u00f6l\u00fcm oran\u0131n\u0131 azaltmaktad\u0131r.<\/p>\n<h5><strong>Trafik kazalar\u0131n\u0131n ba\u015fl\u0131ca nedenleri<\/strong>;<\/h5>\n<ul>\n<li>A\u015f\u0131r\u0131 h\u0131z<\/li>\n<li>Hatal\u0131 sollama<\/li>\n<li>K\u0131rm\u0131z\u0131 \u0131\u015f\u0131k ihlali<\/li>\n<li>Alkoll\u00fc ara\u00e7 s\u00fcrme<\/li>\n<li>Uykusuz ve yorgun ara\u00e7 s\u00fcrme<\/li>\n<li>Kav\u015faklarda ge\u00e7i\u015f hakk\u0131 kural\u0131na uymama<\/li>\n<li>Takip mesafesine uymama<\/li>\n<li>D\u00f6n\u00fc\u015f lambalar\u0131n\u0131 kullanmama gibi nedenler olarak s\u0131ralanabilir.<\/li>\n<\/ul>\n<p>Ara\u00e7lardan kaynaklanan kaza sebepleri ise;<\/p>\n<p>Fren patlamas\u0131, lastik patlamas\u0131 ve uygun hava bas\u0131nc\u0131, standart d\u0131\u015f\u0131 lastik kullan\u0131m\u0131, rot \u00e7\u0131kmas\u0131, kusurlu \u0131\u015f\u0131k donan\u0131m kullan\u0131lmas\u0131 gibi nedenler s\u0131ralanabilir. Ara\u00e7 yaya \u00e7arpmas\u0131 kazalar\u0131nda ise genelde yayalar\u0131n dikkatsiz, kontrols\u00fcz ve dalg\u0131n hareket etmelerinden kaynakland\u0131\u011f\u0131 istatistiki bilgilerden anla\u015f\u0131lmaktad\u0131r.<\/p>\n<p>\u00dclkemizde y\u00fck ve yolcu ta\u015f\u0131mac\u0131l\u0131\u011f\u0131n\u0131n b\u00fcy\u00fck bir oran\u0131 karayolunda yap\u0131lmaktad\u0131r. Hava, deniz ve demir yollar\u0131 daha \u00e7ok kullan\u0131ld\u0131\u011f\u0131nda kaza oranlar\u0131nda ciddi bir azalma olacakt\u0131r. Bu konu ile ilgili \u00e7al\u0131\u015fmalarda son y\u0131llarda g\u00f6zle g\u00f6r\u00fcl\u00fcr bir art\u0131\u015f sa\u011flanm\u0131\u015ft\u0131r.<\/p>\n<h5>Trafik Kazalar\u0131na Kar\u0131\u015fanlar\u0131n Sorumluluklar\u0131<\/h5>\n<p>Trafik kazalar\u0131na kar\u0131\u015fanlar;<\/p>\n<ul>\n<li>Hareket halinde iseler trafik i\u00e7in ek bir tehlike yaratmayacak \u015fekilde hemen durmak, kaza mahalinde trafik g\u00fcvenli\u011fi i\u00e7in gereken tedbirleri almak,<\/li>\n<li>Kazada \u00f6len, yaralanan veya maddi hasar var ise bu kaza trafi\u011fi, can ve mal g\u00fcvenli\u011fini etkilemiyorsa sorumlulu\u011fun saptanmas\u0131nda yararl\u0131 olacak kan\u0131t ve izler dahil, kaza yerindeki durumu de\u011fi\u015ftirmemek.<\/li>\n<li>Kazaya kar\u0131\u015fan ki\u015filer taraf\u0131ndan istendi\u011fi takdirde kimli\u011fini, adresini, s\u00fcr\u00fcc\u00fc ve trafik belgesi ile sigorta poli\u00e7e tarih ve numaras\u0131n\u0131 bildirmek ve g\u00f6stermek,<\/li>\n<li>Kazay\u0131, yetkili ve g\u00f6revli memurlara bildirmek, bunlar gelinceye kadar veya bunlar\u0131n iznini almadan kaza yerinden ayr\u0131lmamak zorundad\u0131rlar.<\/li>\n<\/ul>\n<p>Ba\u015f\u0131nda sorumlusu, mal sahibi veya ilgili ki\u015filerin bulunmad\u0131\u011f\u0131 s\u0131rada ara\u00e7, e\u015fya veya y\u00fcklere zarar veren s\u00fcr\u00fcc\u00fcler, zarar verdikleri ara\u00e7, e\u015fya veya m\u00fclk\u00fcn sahibini veya ilgili ki\u015fileri bulmak, ilgilileri bulamad\u0131klar\u0131 takdirde durumu tespit etmek ve zarar verilen \u015fey \u00fczerine yaz\u0131l\u0131 bilgi b\u0131rakmak, ilgili zab\u0131taya en k\u0131sa zamanda bilgi vermek, anla\u015fma hali d\u0131\u015f\u0131nda zab\u0131tan\u0131n iznini almadan zaruret d\u0131\u015f\u0131nda olay yerinden ayr\u0131lmamak zorundad\u0131rlar.<\/p>\n<p>Maddi hasar meydana gelen kazalarda, kazaya kar\u0131\u015fan ki\u015filerin t\u00fcm\u00fc, yetkili ve g\u00f6revli ki\u015finin gelmesini l\u00fczum g\u00f6rmezler ise, bunu aralar\u0131nda yaz\u0131l\u0131 olarak saptamak suretiyle kaza yerinden ayr\u0131labilirler.<\/p>\n<h5><strong>\u00d6l\u00fcml\u00fc ve Yaralamal\u0131 Trafik Kazas\u0131na Kar\u0131\u015fanlar:<\/strong><\/h5>\n<p>\u00d6l\u00fcml\u00fc ve yaralamal\u0131 trafik kazalar\u0131, kamu davas\u0131 kapsam\u0131nda oldu\u011fundan, mahalli zab\u0131ta veya Cumhuriyet Savc\u0131s\u0131 taraf\u0131ndan adli tahkikat yap\u0131lmas\u0131n\u0131 gerekmektedir.<\/p>\n<p>\u00d6l\u00fcml\u00fc ve yaralamal\u0131 trafik kazas\u0131na kar\u0131\u015fanlar;<\/p>\n<ul>\n<li>Harekat halindeyseler, trafik i\u00e7in ek bir tehlike yaratmayacak \u015fekilde hemen durmak, trafik g\u00fcvenli\u011fi i\u00e7in \u0131\u015f\u0131kl\u0131 i\u015faret veya yans\u0131t\u0131c\u0131 cihazlar\u0131 koymak ve gereken tedbiri almak,<\/li>\n<li>Kaza yerindeki mevcut durumda de\u011fi\u015fiklik yapmamak<\/li>\n<li>Yaral\u0131lara ilk yard\u0131m ve acil m\u00fcdahale yapt\u0131rmak maksad\u0131yla kaza mahallinden ayr\u0131lma hali hari\u00e7, olay\u0131; yetkili ve g\u00f6revlilere bildirmek ve bunlar gelinceye kadar veya bunlar\u0131n izini olmadan kaza yerinden ayr\u0131lmamak<\/li>\n<li>\u0130stendi\u011fi takdirde kimli\u011fini, adresini, s\u00fcr\u00fcc\u00fc ve trafik belgesi ile sigorta poli\u00e7e tarih ve numaras\u0131n\u0131 bildirmek ve g\u00f6stermek,<\/li>\n<li>Kaza yerinde usul\u00fcne uygun ilk yard\u0131m tedbirlerini almak mecburiyetindedirler.<\/li>\n<\/ul>\n<p>Yaln\u0131zca maddi hasara yol a\u00e7an kazalarda kazaya kar\u0131\u015fan s\u00fcr\u00fcc\u00fclerin anla\u015fmas\u0131 ile kaza tutana\u011f\u0131 doldurulacakt\u0131r.<\/p>\n<p><img decoding=\"async\" src=\"http:\/\/webders.net\/img\/ehliyet\/tutanak.jpg\" alt=\"kaza tutanak \u00f6rne\u011fi\"><\/p>\n<p>A\u015fa\u011f\u0131daki durumlarda kaza tutana\u011f\u0131 tutulmayacakt\u0131r.<\/p>\n<ul>\n<li>S\u00fcr\u00fcc\u00fc belgesiz ara\u00e7 kullan\u0131yorsa ya da yetersiz belgeyle ara\u00e7 kullan\u0131yorsa<\/li>\n<li>S\u00fcr\u00fcc\u00fcde ya\u015f k\u00fc\u00e7\u00fckl\u00fc\u011f\u00fc varsa<\/li>\n<li>S\u00fcr\u00fcc\u00fcde alkol ve ak\u0131l hastal\u0131\u011f\u0131 \u015f\u00fcphesi varsa<\/li>\n<li>Kazaya kar\u0131\u015fan ara\u00e7lardan en az birisi kamu kurulu\u015flar\u0131na aitse<\/li>\n<li>Kamu kurumlar\u0131na ait mallarda maddi meydana geldiyse<\/li>\n<li>Kazada sadece \u00fc\u00e7\u00fcnc\u00fc ki\u015filere zarar geldiyse<\/li>\n<li>Kazaya kat\u0131lanlardan en az birinin trafik sigortas\u0131 yoksa<\/li>\n<li>Trafikte can kayb\u0131 veya zarar\u0131 ya\u015fan\u0131rsa<\/li>\n<\/ul>\n<p>Bu durumdalarda 155 polis veya b\u00f6lgeye g\u00f6re 156 jandarma telefonundan trafik zab\u0131tas\u0131na haber verir.<\/p>\n<h5>Trafik Kazalar\u0131nda Y\u00fck\u00fcml\u00fcl\u00fck<\/h5>\n<p>Trafik kazas\u0131 ile kar\u015f\u0131la\u015fan trafik mensuplar\u0131n\u0131n \u00e7e\u015fitli y\u00fck\u00fcml\u00fcl\u00fckleri vard\u0131r.<\/p>\n<ul>\n<li>Karayollar\u0131nda meydana gelecek trafik kazalar\u0131nahemen el konmas\u0131n\u0131, \u00f6l\u00fc ve yaral\u0131lar\u0131n ta\u015f\u0131nmas\u0131n\u0131 veya yaral\u0131lar\u0131n tedavisiniveya san\u0131klar\u0131n yakalanmas\u0131n\u0131 sa\u011flamak i\u00e7in,<\/li>\n<li>Kaza yerinden ge\u00e7mekte olan veya kazaya kar\u0131\u015fm\u0131\u015f bulunan ara\u00e7lar\u0131n s\u00fcr\u00fcc\u00fcleri kaza mahallinde ilk yard\u0131m \u00f6nlemlerini almaya ve en yak\u0131n zab\u0131tayaveya sa\u011fl\u0131k kurulu\u015funa haber vermeye ve yetkililerin talebi \u00fczerine yaral\u0131lar\u0131en yak\u0131n sa\u011fl\u0131k kurulu\u015funa g\u00f6t\u00fcrmeye,<\/li>\n<li>\u015eehirleraras\u0131 akaryak\u0131t istasyonlar\u0131nda, sahipleri veya i\u015fletenleri,belirlenen standartlara uygun ilk yard\u0131m malzemesini her an kullan\u0131labilirdurumda bulundurmaya,<\/li>\n<li>Tamirhane, servis istasyonu, garaj sahip ve sorumlular\u0131; tesislerine,\u00f6l\u00fcm veya yaralanma ile sonu\u00e7lanan, bir kaza ge\u00e7irmi\u015f oldu\u011fu belli olanveya \u00fczerinde su\u00e7 belirtisi bulunan bir ara\u00e7 gelince, gecikmeksizin zab\u0131taya haber vermeye ve bunlar\u0131 bir deftere i\u015flemeye, zorunludurlar.<\/li>\n<\/ul>\n<p>Bu h\u00fck\u00fcmlere uymayanlar para cezas\u0131 ile cezaland\u0131r\u0131l\u0131r.<\/p>\n<h5>Trafik Kazalar\u0131nda Asli Kusurlu Say\u0131lan Haller<\/h5>\n<p>Ara\u00e7 s\u00fcr\u00fcc\u00fcleri baz\u0131 durumlarda asli (esas) kusurlu bulunur. Bu haller \u015f\u00f6yledir:<\/p>\n<ul>\n<li>K\u0131rm\u0131z\u0131 \u0131\u015f\u0131kta ya da g\u00f6revlinin dur i\u015faretinde ge\u00e7mek,<\/li>\n<li>Ta\u015f\u0131t giremez levhas\u0131n\u0131n bulundu\u011fu karayoluna veya b\u00f6l\u00fcnm\u00fc\u015f karayolunda kar\u015f\u0131 y\u00f6nden gelen trafi\u011fin kulland\u0131\u011f\u0131 \u015ferit veya ba\u011flant\u0131 yoluna girmek,<\/li>\n<li>\u0130kiden fazla \u015feritli ta\u015f\u0131t yollar\u0131nda, kar\u015f\u0131 y\u00f6nden gelen trafi\u011fin kulland\u0131\u011f\u0131 \u015ferit ya da yol b\u00f6l\u00fcm\u00fcne girmek,<\/li>\n<li>Arkadan \u00e7arpma,<\/li>\n<li>Ge\u00e7me yasa\u011f\u0131 olan yerlerde \u00f6nceki arac\u0131 ge\u00e7mek,<\/li>\n<li>D\u00f6n\u00fc\u015f manevralar\u0131n\u0131 yanl\u0131\u015f yapmak,<\/li>\n<li>Kar\u015f\u0131 \u015feride tecav\u00fcz etmek,<\/li>\n<li>Kav\u015faklarda ilk ge\u00e7i\u015f hakk\u0131na uymamak,<\/li>\n<li>Daralan kaplamalarda ge\u00e7i\u015f kolayl\u0131\u011f\u0131 sa\u011flamamak,<\/li>\n<li>Manevralar\u0131 d\u00fczenleyen kurallara uymamak,<\/li>\n<li>Yerle\u015fim yerleri d\u0131\u015f\u0131ndaki karayolunda zorunlu haller d\u0131\u015f\u0131nda duraklamak ya da park etmek,<\/li>\n<li>Kurallara uygun bir \u015fekilde park etmi\u015f araca \u00e7arpmak<\/li>\n<\/ul>\n<p>Yukar\u0131da say\u0131lan hal ve hareketlerde bulunan ara\u00e7 s\u00fcr\u00fcc\u00fcleri asli kusurlu say\u0131l\u0131rlar.<\/p>\n<h5>Hukuki Sorumluluk ve Sigorta<\/h5>\n<p>Bir motorlu arac\u0131n i\u015fletilmesi bir kimsenin \u00f6l\u00fcm\u00fcne ya da yaralanmas\u0131na yahut bir \u015feyin zarara u\u011framas\u0131na neden olursa, motorlu arac\u0131n bir te\u015febb\u00fcs unvan\u0131 veya i\u015fletme ad\u0131 alt\u0131nda veya bu te\u015febb\u00fcs taraf\u0131ndan kesilen biletle i\u015fletilmesi halinde, motorlu arac\u0131n i\u015fleteni ve ba\u011fl\u0131 oldu\u011fu te\u015febb\u00fcs sahibi do\u011fan zarardan m\u00fc\u015ftereken ve m\u00fcteselsilen sorumlu olurlar.<\/p>\n<p>Motorlu ara\u00e7 \u00f6l\u00fcme ya da yaralanmaya sebep olmu\u015fsa, kazaya kar\u0131\u015fan arac\u0131n ba\u015fkalar\u0131na devir ve temliki olaya el koyan cumhuriyet savc\u0131l\u0131lar\u0131nca, arac\u0131n tescilli oldu\u011fu tescil kurulu\u015funa, trafik kayd\u0131 \u00fczerine \u015ferh d\u00fc\u015f\u00fclmesi i\u00e7in talimat verilir. \u00dczerine \u015ferh d\u00fc\u015f\u00fclmesi s\u0131ras\u0131nda ge\u00e7en s\u00fcre i\u00e7erisindeki ara\u00e7 tescilleri ge\u00e7ersiz say\u0131l\u0131r.<\/p>\n<p>\u0130\u015fletilme durumunda olmayan bir motorlu arac\u0131n neden oldu\u011fu trafik kazas\u0131ndan dolay\u0131 i\u015fleten ki\u015finin sorumlu tutulabilmesi i\u00e7in zarar g\u00f6renin, i\u015fletenin ya da eylemlerinden sorumlu birisinin kusurlu oldu\u011funu ispat etmesi gerekir.<\/p>\n<p>Otob\u00fcslerin karayolu yolcu ta\u015f\u0131mac\u0131l\u0131\u011f\u0131 yapmas\u0131 i\u00e7in&nbsp;<strong>zorunlu koltuk ferdi kaza sigortas\u0131<\/strong>&nbsp;yapt\u0131rm\u0131\u015f olmas\u0131 gerekir. Bu sigorta \u015fehirler ve \u00fclkeler aras\u0131 yolcu ta\u015f\u0131mac\u0131l\u0131\u011f\u0131 s\u0131ras\u0131nda kar\u015f\u0131la\u015fabilecek sorunlar\u0131 teminat alt\u0131na al\u0131r. G\u00fczergah boyunca yolcu, s\u00fcr\u00fcc\u00fc ve yard\u0131mc\u0131lar\u0131 duraklama zamanlar\u0131 dahil olmak \u00fczere bir zarar g\u00f6r\u00fcrlerse bu sigorta kapsam\u0131na girerler.<\/p>\n<h5>Zorunlu Mali Sorumluluk Sigortas\u0131<\/h5>\n<p>\u0130\u015fletmecilerin sorumluluklar\u0131n\u0131n kar\u015f\u0131lanmas\u0131n\u0131 sa\u011flamak i\u00e7in&nbsp;<strong>mali sorumluluk sigortas\u0131<\/strong>&nbsp;yapmalar\u0131 gerekir. Ge\u00e7erli teminat tutar\u0131 \u00fczerinden zorunlu mali sorumluluk sigortas\u0131 olmayan ara\u00e7 trafikten men edilir.<\/p>\n<p>Zorunlu mali sorumluluk sigortas\u0131n\u0131n s\u00fcresi 12 ayd\u0131r. Bu s\u00fcre dolunca sigortan\u0131n yenilenmesi gerekir.<\/p>\n<p>\u0130\u015fletmeci de\u011fi\u015firse sigorta s\u00f6zle\u015fmesi devirden 10 g\u00fcn sonra ge\u00e7ersiz say\u0131l\u0131r. 10 g\u00fcnden sonra yeni i\u015fletenin sigortay\u0131 kendi ad\u0131na yenilemesi gerekir.<\/p>\n<p>Turistlere ait ara\u00e7larda ya da yabanc\u0131 devletlerle yap\u0131lan antla\u015fmalar\u0131n kapsam\u0131na giren tabanc\u0131 plakal\u0131 ara\u00e7lar\u0131n T\u00fcrkiye i\u00e7erisinde antla\u015fmalara uygun bir sigortas\u0131 yoksa bu ara\u00e7lar T\u00fcrkiye s\u0131n\u0131r\u0131na girerken zorunlu mali sorumluluk sigortas\u0131 yapt\u0131r\u0131rlar.<\/p>\n<h5>Tazminat ve Giderlerin \u00d6denmesi<\/h5>\n<p>Sigortac\u0131lar, hak sahibinin kaza veya zarara ili\u015fkin tespit tutana\u011f\u0131n\u0131 ya da bilirki\u015fi raporunu sigorta kurulu\u015funa iletti\u011fi tarihten itibaren&nbsp;<strong>8 i\u015f g\u00fcn\u00fc i\u00e7erisinde<\/strong>zarar\u0131n sigorta kapsam\u0131na giren k\u0131sm\u0131n\u0131 \u00f6demek zorundad\u0131rlar.<\/p>\n<h5><strong>G\u00fcvence Hesab\u0131<\/strong>: \u0130\u015fletenin sorumlulu\u011fa ili\u015fkin kurallar gere\u011fince motorlu ara\u00e7lar\u0131n neden olacaklar\u0131 zararlar\u0131n kar\u015f\u0131lanmas\u0131 amac\u0131yla g\u00fcvence hesab\u0131 olu\u015fturulmu\u015ftur.<\/h5>\n<ul>\n<li>G\u00fcvence hesab\u0131 kazay\u0131 yapan arac\u0131n belirlenememesi durumunda zorunlu mali sorumluluk sigortas\u0131 kapsam\u0131na giren tazminat miktar\u0131n\u0131 ve tedavi giderleri,<\/li>\n<li>Sigortas\u0131 olmadan trafi\u011fe \u00e7\u0131kan ara\u00e7lar\u0131n ki\u015filere verdi\u011fi zararlar nedeniyle \u00f6denecek olan tazminat ve tedavi giderlerini,<\/li>\n<li>\u00c7al\u0131nma ve gaspa maruz kalm\u0131\u015f motorlu arac\u0131n ki\u015filere verdi\u011fi zarar\u0131n sigorta kapsam\u0131na giren tedavi ve hasar giderlerini,<\/li>\n<li>Sigorta \u015firketinin iflas\u0131 sonucunda \u00f6denmesi gereken b\u00fct\u00fcn teminat giderlerini kapsar.<\/li>\n<\/ul>\n<p>Fonun gelirleri her y\u0131l sigorta \u015firketlerinin zorunlu mali sorumluluk sigortas\u0131 i\u00e7in tahsil edilen net primlerin %1&#8217;i ile sigorta yapt\u0131ranlar\u0131n net primlerinin %2&#8217;si oran\u0131nda sigorta \u015firketine \u00f6deyecekleri katk\u0131 paylar\u0131ndan olu\u015fur.<\/p>\n<p><strong>Kasko Sigortas\u0131<\/strong>:&nbsp;Kasko sigortas\u0131 ara\u00e7larda iste\u011fe ba\u011fl\u0131 \u00f6zel bir sigortad\u0131r. Yapt\u0131r\u0131lmas\u0131 zorunlu de\u011fildir.<\/p>\n<h5>Trafik Su\u00e7lar\u0131n\u0131n Kar\u015f\u0131l\u0131klar\u0131 ve Ceza Puanlar\u0131<\/h5>\n<p>S\u00fcr\u00fcc\u00fc belgelerinin geri al\u0131nmas\u0131 d\u0131\u015f\u0131nda kalan hafif para cezas\u0131n\u0131 ya da bununla birlikte hapis cezas\u0131n\u0131, belgelerin geri al\u0131nmas\u0131n\u0131 ve iptalini veya i\u015f yerlerinin kapat\u0131lmas\u0131 cezas\u0131n\u0131 gerektiren su\u00e7larla ilgili davalara trafik mahkemelerinde bunlar\u0131n bulunmad\u0131\u011f\u0131 yerlerde yetki verilen mahkemelerde bak\u0131l\u0131r.<\/p>\n<p>Mahkemelik su\u00e7 tutanaklar\u0131n\u0131n bir \u00f6rne\u011fi 7 i\u015f g\u00fcn\u00fc i\u00e7erisinde yetkili mahkemeye, tutanaklar\u0131n kaydedildi\u011fi listeler \u00f6rne\u011fine uygun olarak tanzim edilir ve bilgisayar ortam\u0131na aktar\u0131l\u0131r.<\/p>\n<h5>Su\u00e7 veya Ceza Tutana\u011f\u0131 D\u00fczenlemeye Yetkili Olan G\u00f6revliler<\/h5>\n<p>Karayollar\u0131 trafik kanununda yaz\u0131l\u0131 trafik su\u00e7lar\u0131n\u0131 i\u015fleyenler hakk\u0131nda;<\/p>\n<p>Emniyet genel m\u00fcd\u00fcrl\u00fc\u011f\u00fcn\u00fcn;<\/p>\n<ul>\n<li>Trafik zab\u0131tas\u0131 personeli<\/li>\n<li>Emniyet hizmetleri s\u0131n\u0131f\u0131 personeli<\/li>\n<li>Jandarma genel komutanl\u0131\u011f\u0131n\u0131n yetkili k\u0131ld\u0131\u011f\u0131 personeli<\/li>\n<li>Ula\u015ft\u0131rma bakanl\u0131\u011f\u0131n\u0131n yetkili k\u0131ld\u0131\u011f\u0131 personeli<\/li>\n<li>Karayollar\u0131 genel m\u00fcd\u00fcrl\u00fc\u011f\u00fcn\u00fcn yetkili k\u0131ld\u0131\u011f\u0131 personeli taraf\u0131ndan ayk\u0131r\u0131 hareket edenler hakk\u0131nda al\u0131nd\u0131, su\u00e7 ve ceza tutana\u011f\u0131 d\u00fczenlenir.<\/li>\n<\/ul>\n<p><strong>Fahri trafik m\u00fcfetti\u015fleri<\/strong>: S\u00fcr\u00fcc\u00fclerin trafik kurallar\u0131na uyup uymad\u0131\u011f\u0131n\u0131 denetlemekle sorumlu olan yetkililere yard\u0131mc\u0131 olmak \u00fczere karayolu trafik g\u00fcvenli\u011fi kurulunca \u00f6nerilen ki\u015filere fahri trafik m\u00fcfetti\u015fli\u011f g\u00f6revi verilir. Fahri trafik m\u00fcfetti\u015flerinin bu g\u00f6revlerini if\u015fa edecek a\u00e7\u0131klmaya yapmalar\u0131 yasakt\u0131r.<\/p>\n<h5>Para Cezalar\u0131n\u0131n \u00d6denme \u015eekli<\/h5>\n<p>Yetkiliker taraf\u0131ndan para cezalar\u0131n\u0131 hemen \u00f6demeyenlerer i\u00e7in trafik ceza tutana\u011f\u0131 d\u00fczenlenir. Bu ceza tutana\u011f\u0131nda yaz\u0131l\u0131 trafik cezalar\u0131 maliye bakanl\u0131\u011f\u0131n\u0131n sayman mutemetlerine veya mal sand\u0131klar\u0131na yetkili k\u0131l\u0131nm\u0131\u015f g\u00f6revlilere \u00f6denebilece\u011fi gibi posta i\u015fletmesi idaresine ya da bu kurulu\u015f taraf\u0131ndan yetkilendirilmi\u015f bankalar arac\u0131l\u0131\u011f\u0131yla \u00f6denebilir.<\/p>\n<p>Pe\u015fin tahsil edilmeyen cezalar i\u00e7in d\u00fczenlenecek olan ceza tutanaklar\u0131 takip ve tahsil i\u00e7in 7 i\u015f g\u00fcn\u00fc i\u00e7inde ilgili mal sand\u0131\u011f\u0131na g\u00f6nderilir.<\/p>\n<h5>Para Cezalar\u0131n\u0131n \u00d6denme S\u00fcreleri<\/h5>\n<p>Ceza kesildi\u011fi anda \u00f6denmeyen para cezalar\u0131 tutana\u011f\u0131n tebli\u011f tarihinden itibaren 1 ay i\u00e7erisinde \u00f6denir. 1 ay i\u00e7erisinde \u00f6denmeyen cezalarda geciken her ay i\u00e7in %5 faiz uygulan\u0131r. Ancak faiz eklenmi\u015f ceza normal ceza miktar\u0131n\u0131n 2 kat\u0131n\u0131 ge\u00e7emez.<\/p>\n<p>Trafik birimlerince posta yoluyla tebli\u011f edilmeyen tutanaklar vergi dairesine g\u00f6nderilir. Bu tutanaklar\u0131n vergi dairesinin ilan tahtas\u0131nda ilan edildi\u011fi tarih teblip tarihi olarak esas al\u0131n\u0131r.<\/p>\n<p>Trafik ceza tutanaklar\u0131 kabahatler kanunu h\u00fck\u00fcmleri gere\u011fi trafik idari para cezas\u0131 karar tutana\u011f\u0131 olarak d\u00fczenlenir. Trafik cezas\u0131 \u00f6demesi gereken s\u00fcr\u00fcc\u00fcler pe\u015fin \u00f6deme yaparlarsa %25 cezadan indirim uygulan\u0131r.<\/p>\n<p>\u0130dari para cezas\u0131n\u0131n ilk taksidinin pe\u015fin \u00f6denmesi ko\u015fuluyla 1 y\u0131l i\u00e7inde ve 4 e\u015fit taksite b\u00f6l\u00fcnmesine karar verilebilir. Taksitlerin zaman\u0131nda ve tam \u00f6denmesi durumunda para cezas\u0131n\u0131n kalan k\u0131sm\u0131 vergi dairesince tahsil edilir.<\/p>\n<p>Plakaya yaz\u0131lan cezalar s\u00fcr\u00fcc\u00fcye tebli\u011f edilmesinden sonra ge\u00e7en 15 g\u00fcn i\u00e7erisinde pe\u015fin \u00f6denirse %25&#8217;lik indirim h\u00fckm\u00fcnden yararlan\u0131l\u0131r. Trafik cezas\u0131 uygulanan s\u00fcr\u00fcc\u00fcn\u00fcn yetkili mahkemeye itiraz etme s\u00fcresi 15 g\u00fcnd\u00fcr.<\/p>\n<h5>Tescil Plakas\u0131na G\u00f6re Tutanak D\u00fczenlenmesi<\/h5>\n<p>Yetkili personel taraf\u0131ndan, trafi\u011fi tehlikeye d\u00fc\u015f\u00fcrecek veya trafi\u011fe engel olacak \u015fekilde yasaklanm\u0131\u015f yerlere park edilen ara\u00e7lara, 2918 say\u0131l\u0131 karayollar\u0131 trafik kanununda belirtilen maddelerin h\u00fck\u00fcmlerine uymayan ara\u00e7lar\u0131 kullanan s\u00fcr\u00fcc\u00fcler ayn\u0131 zamanda ara\u00e7 sahibi de\u011filse ara\u00e7 sahiplerine de ayn\u0131 miktar kadar tescil plakas\u0131na g\u00f6re tutanak d\u00fczenlenir.<\/p>\n<p>Bu \u015fekilde uygulanan cezalar i\u00e7in ara\u00e7 sahipleri cezan\u0131n tebli\u011f tarihinden itibaren 15 g\u00fcn i\u00e7inde yetkili mahkemeye itiraz edebilirler. \u0130tiraz \u00f6demeyi ve \u00f6demeyle ilgili s\u00fcreyi durdurur.<\/p>\n","protected":false},"excerpt":{"rendered":"<p>Trafik Kazalar\u0131n\u0131n Genel Durumu, Kaza Fakt\u00f6rleri, Kusur Paylar\u0131 ve Davran\u0131\u015flar \u00dclkemizin en \u00f6nemli sorunlar\u0131n\u0131n ba\u015f\u0131nda trafik kazalar\u0131 ve bu kazalardaki [&hellip;]<\/p>\n","protected":false},"author":1,"featured_media":0,"parent":0,"menu_order":0,"comment_status":"closed","ping_status":"closed","template":"","meta":{"footnotes":""},"class_list":["post-676","page","type-page","status-publish","hentry"],"_links":{"self":[{"href":"https:\/\/angorasurucukursu.com\/index.php?rest_route=\/wp\/v2\/pages\/676","targetHints":{"allow":["GET"]}}],"collection":[{"href":"https:\/\/angorasurucukursu.com\/index.php?rest_route=\/wp\/v2\/pages"}],"about":[{"href":"https:\/\/angorasurucukursu.com\/index.php?rest_route=\/wp\/v2\/types\/page"}],"author":[{"embeddable":true,"href":"https:\/\/angorasurucukursu.com\/index.php?rest_route=\/wp\/v2\/users\/1"}],"replies":[{"embeddable":true,"href":"https:\/\/angorasurucukursu.com\/index.php?rest_route=%2Fwp%2Fv2%2Fcomments&post=676"}],"version-history":[{"count":8,"href":"https:\/\/angorasurucukursu.com\/index.php?rest_route=\/wp\/v2\/pages\/676\/revisions"}],"predecessor-version":[{"id":869,"href":"https:\/\/angorasurucukursu.com\/index.php?rest_route=\/wp\/v2\/pages\/676\/revisions\/869"}],"wp:attachment":[{"href":"https:\/\/angorasurucukursu.com\/index.php?rest_route=%2Fwp%2Fv2%2Fmedia&parent=676"}],"curies":[{"name":"wp","href":"https:\/\/api.w.org\/{rel}","templated":true}]}}